 3, 809
What are the prime factors of 1270?
2, 5, 127
List the prime factors of 3421.
11, 311
List the prime factors of 1365.
3, 5, 7, 13
What are the prime factors of 33?
3, 11
List the prime factors of 1249.
1249
What are the prime factors of 70958?
2, 17, 2087
What are the prime factors of 354?
2, 3, 59
What are the prime factors of 1109?
1109
What are the prime factors of 40718?
2, 20359
What are the prime factors of 128261?
7, 73, 251
List the prime factors of 366.
2, 3, 61
List the prime factors of 20691.
3, 11, 19
List the prime factors of 1812.
2, 3, 151
What are the prime factors of 248?
2, 31
List the prime factors of 665.
5, 7, 19
List the prime factors of 68952.
2, 3, 13, 17
What are the prime factors of 4461?
3, 1487
List the prime factors of 945.
3, 5, 7
List the prime factors of 4369.
17, 257
List the prime factors of 2036.
2, 509
List the prime factors of 59190.
2, 3, 5, 1973
What are the prime factors of 2169?
3, 241
What are the prime factors of 5804?
2, 1451
What are the prime factors of 6716?
2, 23, 73
List the prime factors of 9507.
3, 3169
List the prime factors of 976.
2, 61
What are the prime factors of 19819?
19819
What are the prime factors of 37509?
3, 12503
List the prime factors of 1338.
2, 3, 223
List the prime factors of 363.
3, 11
What are the prime factors of 2749?
2749
What are the prime factors of 15136?
2, 11, 43
What are the prime factors of 54608?
2, 3413
What are the prime factors of 623?
7, 89
What are the prime factors of 7357?
7, 1051
What are the prime factors of 54946?
2, 83, 331
What are the prime factors of 1634?
2, 19, 43
List the prime factors of 25430.
2, 5, 2543
List the prime factors of 5134.
2, 17, 151
List the prime factors of 8330.
2, 5, 7, 17
List the prime factors of 940.
2, 5, 47
List the prime factors of 3455.
5, 691
What are the prime factors of 985?
5, 197
What are the prime factors of 20717?
20717
What are the prime factors of 98060?
2, 5, 4903
List the prime factors of 395.
5, 79
What are the prime factors of 13676?
2, 13, 263
List the prime factors of 3548.
2, 887
What are the prime factors of 1527?
3, 509
List the prime factors of 3828.
2, 3, 11, 29
What are the prime factors of 7982?
2, 13, 307
List the prime factors of 119159.
119159
List the prime factors of 1220.
2, 5, 61
List the prime factors of 838.
2, 419
List the prime factors of 16712.
2, 2089
What are the prime factors of 66?
2, 3, 11
What are the prime factors of 210?
2, 3, 5, 7
What are the prime factors of 620?
2, 5, 31
List the prime factors of 744.
2, 3, 31
What are the prime factors of 7133?
7, 1019
What are the prime factors of 3675?
3, 5, 7
What are the prime factors of 46851?
3, 7, 23, 97
What are the prime factors of 2004?
2, 3, 167
List the prime factors of 646.
2, 17, 19
List the prime factors of 464.
2, 29
List the prime factors of 21948.
2, 3, 31, 59
What are the prime factors of 3476?
2, 11, 79
What are the prime factors of 24781?
24781
List the prime factors of 46861.
46861
What are the prime factors of 5577?
3, 11, 13
What are the prime factors of 4558?
2, 43, 53
List the prime factors of 230.
2, 5, 23
What are the prime factors of 3334?
2, 1667
What are the prime factors of 4370?
2, 5, 19, 23
List the prime factors of 1432.
2, 179
List the prime factors of 94297.
7, 19, 709
What are the prime factors of 10467?
3, 1163
What are the prime factors of 11220?
2, 3, 5, 11, 17
List the prime factors of 136.
2, 17
List the prime factors of 3446.
2, 1723
What are the prime factors of 26475?
3, 5, 353
What are the prime factors of 634?
2, 317
List the prime factors of 66318.
2, 3, 7, 1579
What are the prime factors of 4065?
3, 5, 271
List the prime factors of 5190.
2, 3, 5, 173
List the prime factors of 11772.
2, 3, 109
List the prime factors of 1295.
5, 7, 37
List the prime factors of 52708.
2, 13177
List the prime factors of 584.
2, 73
What are the prime factors of 9506?
2, 7, 97
What are the prime factors of 81227?
43, 1889
List the prime factors of 438.
2, 3, 73
What are the prime factors of 426?
2, 3, 71
List the prime factors of 36326.
2, 41, 443
What are the prime factors of 18024?
2, 3, 751
List the prime factors of 756.
2, 3, 7
List the prime factors of 345.
3, 5, 23
List the prime factors of 15701.
7, 2243
List the prime factors of 4261.
4261
List the prime factors of 49087.
191, 257
What are the prime factors of 24774?
2, 3, 4129
List the prime factors of 23769.
3, 19, 139
List the prime factors of 5431.
5431
List the prime factors of 1446.
2, 3, 241
List the prime factors of 720.
2, 3, 5
List the prime factors of 527.
17, 31
What are the prime factors of 937?
937
What are the prime factors of 17537?
13, 19, 71
What are the prime factors of 2674?
2, 7, 191
What are the prime factors of 392?
2, 7
List the prime factors of 19764.
2, 3, 61
List the prime factors of 2597.
7, 53
List the prime factors of 66802.
2, 127, 263
What are the prime factors of 5264?
2, 7, 47
List the prime factors of 7959.
3, 7, 379
What are the prime factors of 4571?
7, 653
List the prime factors of 2864.
2, 179
What are the prime factors of 35483?
7, 37, 137
List the prime factors of 1240.
2, 5, 31
What are the prime factors of 83?
83
What are the prime factors of 6971?
6971
What are the prime factors of 2815?
5, 563
List the prime factors of 786.
2, 3, 131
List the prime factors of 20926.
2, 10463
List the prime factors of 8.
2
What are the prime factors of 708?
2, 3, 59
What are the prime factors of 1128?
2, 3, 47
List the prime factors of 26381.
23, 31, 37
List the prime factors of 20986.
2, 7, 1499
List the prime factors of 482.
2, 241
What are the prime factors of 29354?
2, 13, 1129
What are the prime factors of 80747?
80747
List the prime factors of 460.
2, 5, 23
List the prime factors of 17170.
2, 5, 17, 101
What are the prime factors of 423?
3, 47
List the prime factors of 385.
5, 7, 11
List the prime factors of 1343.
17, 79
What are the prime factors of 140825?
5, 43, 131
List the prime factors of 1141.
7, 163
What are the prime factors of 8390?
2, 5, 839
What are the prime factors of 1399?
1399
List the prime factors of 27881.
7, 569
What are the prime factors of 29399?
29399
What are the prime factors of 74847?
3, 61, 409
What are the prime factors of 13615?
5, 7, 389
What are the prime factors of 332?
2, 83
What are the prime factors of 5372?
2, 17, 79
What are the prime factors of 18331?
23, 797
List the prime factors of 100119.
3, 23, 1451
List the prime factors of 1247.
29, 43
What are the prime factors of 5120?
2, 5
What are the prime factors of 902?
2, 11, 41
List the prime factors of 1729.
7, 13, 19
What are the prime factors of 474?
2, 3, 79
List the prime factors of 671.
11, 61
What are the prime factors of 505?
5, 101
What are the prime factors of 24515?
5, 4903
What are the prime factors of 72317?
7, 10331
List the prime factors of 29382.
2, 3, 59, 83
What are the prime factors of 118?
2, 59
What are the prime factors of 3703?
7, 23
What are the prime factors of 12106?
2, 6053
What are the prime factors of 48120?
2, 3, 5, 401
What are the prime factors of 12241?
12241
List the prime factors of 24999.
3, 13, 641
What are the prime factors of 9554?
2, 17, 281
List the prime factors of 7294.
2, 7, 521
What are the prime factors of 2799?
3, 311
What are the prime factors of 519?
3, 173
List the prime factors of 4947.
3, 17, 97
What are the prime factors of 27720?
2, 3, 5, 7, 11
List the prime factors of 2291.
29, 79
What are the prime factors of 828?
2, 3, 23
What are the prime factors of 54942?
2, 3, 9157
List the prime factors of 13573.
7, 277
What are the prime factors of 296?
2, 37
What are the prime factors of 2854?
2, 1427
List the prime factors of 3128.
2, 17, 23
List the prime factors of 114304.
2, 19, 47
What are the prime factors of 56286?
2, 3, 53, 59
What are the prime factors of 57878?
2, 43, 673
What are the prime factors of 983?
983
What are the prime factors of 2061?
3, 229
What are the prime factors of 11120?
2, 5, 139
What are the prime factors of 34317?
3, 31, 41
What are the prime factors of 11329?
11329
What are the prime factors of 10199?
7, 31, 47
List the prime factors of 5768.
2, 7, 103
List the prime factors of 55363.
7, 11, 719
List the prime factors of 345.
3, 5, 23
List the pri